Is 12821739433 a prime number?
False
Is 5193428263 prime?
True
Is 3404468183 composite?
False
Is 463458473 a composite number?
False
Is 3804567331 a composite number?
False
Is 79304653 a composite number?
True
Is 3196477351 a composite number?
True
Is 2405784653 prime?
False
Is 5126066357 composite?
False
Is 8167533238 a prime number?
False
Is 8649134201 a composite number?
False
Is 521164667 prime?
False
Is 358022789 a composite number?
False
Is 5729916947 composite?
True
Is 44301742427 a prime number?
False
Is 170448127 prime?
False
Is 3078415633 a prime number?
False
Is 1849826381 a prime number?
False
Is 451814719 prime?
True
Is 1481265427 a composite number?
False
Is 9316428613 composite?
False
Is 5000836601 composite?
False
Is 199561093 composite?
True
Is 606046157 a prime number?
False
Is 283405061 prime?
False
Is 1447222463 prime?
False
Is 829500641 composite?
True
Is 32294089307 composite?
False
Is 8441011417 composite?
False
Is 153690253 a composite number?
False
Is 2682600829 composite?
False
Is 2989821013 composite?
False
Is 209386169 a composite number?
False
Is 2844462133 a composite number?
True
Is 5394142934 composite?
True
Is 27990469741 composite?
True
Is 2829339883 prime?
True
Is 2716322603 a prime number?
True
Is 512640059 a composite number?
False
Is 24590977 a composite number?
True
Is 27314560271 a prime number?
False
Is 39283362311 prime?
True
Is 67380373 composite?
False
Is 23606459809 composite?
False
Is 1166274847 a composite number?
False
Is 4696718407 a composite number?
False
Is 47950847881 a prime number?
False
Is 8008558079 prime?
True
Is 747253807 a prime number?
True
Is 114539715635 a composite number?
True
Is 1694732681 composite?
True
Is 16796455699 a prime number?
True
Is 75827783 a prime number?
True
Is 21692191 prime?
False
Is 7300508253 composite?
True
Is 70037331733 a composite number?
True
Is 103595477789 prime?
True
Is 2517879587 composite?
False
Is 3452957219 prime?
True
Is 10248559253 prime?
True
Is 45000951271 a composite number?
False
Is 51865024397 a prime number?
False
Is 265577707 prime?
False
Is 33735177562 prime?
False
Is 91917083 a composite number?
False
Is 2414745013 a prime number?
True
Is 5660006117 prime?
True
Is 3225411929 composite?
True
Is 256655281 a prime number?
False
Is 21393622934 a composite number?
True
Is 325564691 a prime number?
True
Is 1586847907 a prime number?
True
Is 16175561177 a composite number?
False
Is 86856695789 a composite number?
True
Is 3458398211 a prime number?
True
Is 992289701 composite?
True
Is 69660629933 a composite number?
True
Is 103150199869 a prime number?
True
Is 140685575821 prime?
False
Is 406330313 composite?
True
Is 1085485397 a composite number?
False
Is 2254300199 composite?
True
Is 4752133973 composite?
True
Is 246465452429 a composite number?
True
Is 1318350067 prime?
True
Is 1191812203 composite?
True
Is 3620777263 a prime number?
True
Is 49659187 composite?
False
Is 25198446197 prime?
False
Is 1233427837 prime?
False
Is 1282492007 a prime number?
True
Is 21727906289 a composite number?
False
Is 185236278529 a composite number?
False
Is 408798787 a composite number?
True
Is 90154949 a composite number?
False
Is 39846546587 composite?
False
Is 192358743 a composite number?
True
Is 153644677 a prime number?
False
Is 46978506473 prime?
True
Is 1140926399 a prime number?
True
Is 25506587 prime?
True
Is 63490031299 a composite number?
True
Is 110230701649 composite?
False
Is 213207659053 a composite number?
False
Is 12519504091 a composite number?
False
Is 39666936941 prime?
False
Is 514467937 a prime number?
True
Is 547009679 a composite number?
True
Is 3692250349 composite?
True
Is 369147929 prime?
True
Is 169614481 prime?
False
Is 38893058131 prime?
True
Is 21038800903 a prime number?
False
Is 479034071 a prime number?
False
Is 2688243797 prime?
False
Is 3259227853 a prime number?
False
Is 9152014369 a composite number?
False
Is 2877922057 prime?
True
Is 52678257383 composite?
False
Is 16369104049 a prime number?
True
Is 2305906271 a prime number?
False
Is 20774669381 composite?
False
Is 33163190953 composite?
True
Is 9730869809 prime?
False
Is 1539112543 a composite number?
True
Is 10600810279 prime?
True
Is 35951333147 a composite number?
True
Is 33624537467 prime?
True
Is 22340904631 a composite number?
False
Is 489796607 a prime number?
False
Is 6298758017 composite?
True
Is 85011649 composite?
False
Is 1947936974 composite?
True
Is 169201596869 composite?
True
Is 412177243 a composite number?
False
Is 30934012819 prime?
False
Is 450804109 a composite number?
True
Is 14290371023 a prime number?
True
Is 3704489897 prime?
True
Is 24496874669 a composite number?
True
Is 3250923587 prime?
True
Is 6525926291 composite?
False
Is 1715815631 a composite number?
False
Is 2075586643 prime?
False
Is 418189777 a prime number?
True
Is 14912965581 composite?
True
Is 112714091 a prime number?
False
Is 174235583 composite?
False
Is 3510510691 a prime number?
True
Is 1613445701 a prime number?
False
Is 235611991 composite?
False
Is 166863439 a prime number?
True
Is 13231145903 composite?
False
Is 4875489481 prime?
False
Is 744384691 a prime number?
False
Is 166982513 prime?
False
Is 2858384834 composite?
True
Is 351049957 a prime number?
True
Is 1140226339 a prime number?
False
Is 20223726013 composite?
True
Is 8694204191 composite?
False
Is 11155509529 prime?
True
Is 46083474587 a composite number?
False
Is 1182228647 a composite number?
True
Is 9114357853 composite?
False
Is 475699703 prime?
True
Is 10163853143 a composite number?
False
Is 63059899 a composite number?
True
Is 3170081539 a composite number?
True
Is 1897190413 a prime number?
False
Is 151161656903 prime?
True
Is 13755026821 a composite number?
False
Is 2722808537 a prime number?
True
Is 69609495971 prime?
True
Is 360429217 prime?
False
Is 8780502359 a composite number?
False
Is 1706799527 a composite number?
False
Is 2656829711 prime?
False
Is 55058800319 composite?
False
Is 86418484937 a prime number?
False
Is 3248470607 prime?
False
Is 3620268997 composite?
True
Is 103512108719 prime?
False
Is 303121773173 a composite number?
True
Is 17081797457 a prime number?
True
Is 263238089 a prime number?
True
Is 11491468517 a composite number?
True
Is 3203444333 prime?
False
Is 484207235 prime?
False
Is 3813188999 a prime number?
True
Is 305162749 a composite number?
False
Is 4279731251 a prime number?
True
Is 158876858449 composite?
True
Is 6732358 a composite number?
True
Is 1042590557 composite?
False
Is 4649058241 composite?
True
Is 43729839691 prime?
False
Is 13731567529 composite?
False
Is 91048056403 prime?
True
Is 13100489713 a composite number?
False
Is 914187119 a composite number?
True
Is 1101594671 a composite number?
False
Is 3062314337 a composite number?
True
Is 2065870387 a composite number?
True
Is 2606413499 composite?
False
Is 120951037 composite?
False
Is 7816928611 prime?
False
Is 33788586373 prime?
True
Is 9293134673 a composite number?
True
Is 58851649669 a prime number?
True
Is 547859009 composite?
False
Is 9153298997 a prime number?
False
Is 3901622783 composite?
True
Is 668041133 a composite number?
True
Is 67773983 a composite number?
False
Is 71691299837 a composite number?
False
Is 68159417 prime?
False
Is 24517562659 a composite number?
False
Is 4180109557 a composite number?
True
Is 13965921319 a prime number?
False
Is 831749311 composite?
False
Is 567784579 prime?
True
Is 543938033 prime?
True
Is 14917240319 composite?
True
Is 765956099 composite?
False
Is 392277449 composite?
False
Is 1217815663 a composite number?
False
Is 200191499 composite?
False
Is 370717387 a composite number?
False
Is 30156535894 composite?
True
Is 12749165557 prime?
True
Is 5573434039 a composite number?
False
Is 941290739 a composite number?
True
Is 83574681413 a composite number?
False
Is 1979571959 composite?
True
Is 7532339831 prime?
True
Is 924621931 prime?
True
Is 260295805987 a composite number?
True
Is 1343853629 a composite number?
False
Is 1870184707 prime?
True
Is 10511911702 prime?
False
Is 1122615037 prime?
True
Is 7763595199 prime?
True
Is 48382235641 prime?
False
Is 75569951 prime?
True
Is 5169405821 composite?
False
Is 5066884513 a prime number?
False
Is 1614751141 a 